e prime factors of 673073.
673073
List the prime factors of 318870.
2, 3, 5, 1181
What are the prime factors of 251447?
7, 17, 2113
List the prime factors of 8228327.
8228327
List the prime factors of 2698648.
2, 17, 19843
List the prime factors of 87974.
2, 43987
List the prime factors of 18702363.
3, 17, 366713
List the prime factors of 17877.
3, 59, 101
What are the prime factors of 232930?
2, 5, 23293
What are the prime factors of 10793688?
2, 3, 43, 10459
What are the prime factors of 1885189?
739, 2551
What are the prime factors of 208970?
2, 5, 20897
What are the prime factors of 27717?
3, 9239
List the prime factors of 351708.
2, 3, 7, 53, 79
List the prime factors of 395036.
2, 61, 1619
What are the prime factors of 559302?
2, 3, 31, 97
List the prime factors of 5376143.
5376143
What are the prime factors of 29212849?
937, 31177
What are the prime factors of 297411?
3, 99137
List the prime factors of 1178021.
13, 90617
What are the prime factors of 18133?
18133
What are the prime factors of 1218463?
1218463
List the prime factors of 413203.
7, 59029
What are the prime factors of 234770?
2, 5, 17, 1381
What are the prime factors of 1679727?
3, 7, 79987
List the prime factors of 1069605.
3, 5, 19, 139
What are the prime factors of 15601067?
15601067
List the prime factors of 4680703.
491, 9533
List the prime factors of 122382.
2, 3, 13, 523
List the prime factors of 3270661.
89, 36749
What are the prime factors of 210107?
163, 1289
What are the prime factors of 4140622?
2, 17, 193, 631
What are the prime factors of 1285580?
2, 5, 64279
What are the prime factors of 234145?
5, 46829
List the prime factors of 7885820.
2, 5, 394291
What are the prime factors of 25026120?
2, 3, 5, 7, 9931
What are the prime factors of 334342?
2, 349, 479
List the prime factors of 683753.
7, 19, 53, 97
What are the prime factors of 2684486?
2, 7, 191749
List the prime factors of 936188.
2, 11, 21277
What are the prime factors of 256254?
2, 3, 42709
What are the prime factors of 1959980?
2, 5, 11, 59, 151
List the prime factors of 120275.
5, 17, 283
List the prime factors of 2764149.
3, 17, 83, 653
List the prime factors of 4804589.
4804589
List the prime factors of 10605377.
10605377
List the prime factors of 471791.
471791
List the prime factors of 168977.
168977
What are the prime factors of 775850?
2, 5, 59, 263
List the prime factors of 83056.
2, 29, 179
What are the prime factors of 275880?
2, 3, 5, 11, 19
List the prime factors of 323467.
323467
List the prime factors of 358497.
3, 61, 653
List the prime factors of 427789.
427789
List the prime factors of 689726.
2, 344863
List the prime factors of 6572628.
2, 3, 41, 61, 73
What are the prime factors of 821712?
2, 3, 17, 19, 53
List the prime factors of 122591.
7, 83, 211
List the prime factors of 79032.
2, 3, 37, 89
What are the prime factors of 80038?
2, 7, 5717
What are the prime factors of 71393?
7, 31, 47
List the prime factors of 4916538.
2, 3, 11, 31, 89
What are the prime factors of 96889?
13, 29, 257
What are the prime factors of 1639303?
41, 39983
What are the prime factors of 180175?
5, 7207
What are the prime factors of 10891198?
2, 587, 9277
What are the prime factors of 5628865?
5, 11, 53, 1931
What are the prime factors of 3144052?
2, 786013
What are the prime factors of 120387?
3, 40129
List the prime factors of 921419.
643, 1433
List the prime factors of 29826109.
17, 821, 2137
List the prime factors of 344227.
13, 26479
What are the prime factors of 68094?
2, 3, 13, 97
What are the prime factors of 2298293?
2298293
List the prime factors of 7629943.
397, 19219
What are the prime factors of 2413739?
2413739
List the prime factors of 3607543.
3607543
List the prime factors of 2056528.
2, 79, 1627
What are the prime factors of 4532497?
29, 73, 2141
List the prime factors of 138774.
2, 3, 101, 229
List the prime factors of 35948614.
2, 13, 647, 2137
List the prime factors of 3983776.
2, 124493
List the prime factors of 6849955.
5, 7, 73, 383
What are the prime factors of 661937?
283, 2339
What are the prime factors of 4187902?
2, 67, 31253
List the prime factors of 13912023.
3, 53, 59, 1483
What are the prime factors of 11166760?
2, 5, 11, 41, 619
What are the prime factors of 11587596?
2, 3, 139, 6947
What are the prime factors of 89203?
89203
List the prime factors of 2527940.
2, 5, 126397
What are the prime factors of 33090535?
5, 73, 90659
List the prime factors of 1784319.
3, 594773
What are the prime factors of 7533231?
3, 191, 13147
List the prime factors of 159112.
2, 19889
List the prime factors of 1867119.
3, 149, 4177
What are the prime factors of 2109038?
2, 19, 55501
List the prime factors of 9275150.
2, 5, 103, 1801
List the prime factors of 13829473.
7, 19, 103981
What are the prime factors of 14489390?
2, 5, 79, 18341
List the prime factors of 1600939.
229, 6991
What are the prime factors of 127894?
2, 13, 4919
List the prime factors of 10699310.
2, 5, 1069931
What are the prime factors of 17599871?
19, 926309
What are the prime factors of 557326?
2, 7, 11, 47
List the prime factors of 216523.
216523
What are the prime factors of 10575057?
3, 3525019
What are the prime factors of 1296533?
7, 23, 8053
List the prime factors of 493371.
3, 6091
What are the prime factors of 127132?
2, 37, 859
What are the prime factors of 333225?
3, 5, 1481
What are the prime factors of 8842583?
233, 37951
List the prime factors of 5657257.
1049, 5393
List the prime factors of 13165813.
61, 215833
List the prime factors of 299156.
2, 11, 13, 523
List the prime factors of 10092.
2, 3, 29
List the prime factors of 969535.
5, 7, 27701
What are the prime factors of 284115?
3, 5, 13, 31, 47
List the prime factors of 412709.
11, 17, 2207
List the prime factors of 547968.
2, 3, 1427
List the prime factors of 18334528.
2, 286477
List the prime factors of 2044148.
2, 17, 23, 1307
List the prime factors of 225671.
225671
List the prime factors of 2003618.
2, 1001809
List the prime factors of 1687351.
89, 18959
List the prime factors of 156743.
41, 3823
What are the prime factors of 5340740?
2, 5, 267037
What are the prime factors of 113641?
11, 10331
What are the prime factors of 215355?
3, 5, 7, 293
What are the prime factors of 8436977?
8436977
What are the prime factors of 1049887?
29, 41, 883
What are the prime factors of 487355?
5, 11, 8861
List the prime factors of 128484.
2, 3, 43, 83
List the prime factors of 12451547.
499, 24953
List the prime factors of 1387085.
5, 7, 39631
What are the prime factors of 437975?
5, 17519
List the prime factors of 945413.
7, 135059
What are the prime factors of 449051?
449051
What are the prime factors of 374319?
3, 11, 19, 199
List the prime factors of 26475292.
2, 6618823
What are the prime factors of 97051?
37, 43, 61
List the prime factors of 17051821.
613, 27817
What are the prime factors of 1041491?
11, 73, 1297
What are the prime factors of 495166?
2, 7, 113, 313
List the prime factors of 2019006.
2, 3, 11, 103
List the prime factors of 843157.
7, 23, 5237
List the prime factors of 447884.
2, 41, 2731
List the prime factors of 26117550.
2, 3, 5, 127, 457
What are the prime factors of 163676?
2, 17, 29, 83
List the prime factors of 609403.
609403
What are the prime factors of 1484051?
1484051
What are the prime factors of 8233244?
2, 2058311
List the prime factors of 163726.
2, 71, 1153
What are the prime factors of 241754?
2, 120877
List the prime factors of 1373708.
2, 7, 71, 691
List the prime factors of 406531.
406531
What are the prime factors of 4571159?
101, 45259
List the prime factors of 3117149.
7, 445307
List the prime factors of 613891.
349, 1759
What are the prime factors of 1525815?
3, 5, 41, 827
What are the prime factors of 581525?
5, 7, 3323
What are the prime factors of 3147972?
2, 3, 262331
What are the prime factors of 254721?
3, 197, 431
What are the prime factors of 218712?
2, 3, 13, 701
What are the prime factors of 330651?
3, 36739
What are the prime factors of 7249692?
2, 3, 23, 26267
What are the prime factors of 7967086?
2, 3983543
List the prime factors of 1807655.
5, 361531
What are the prime factors of 11138733?
3, 167, 7411
What are the prime factors of 829628?
2, 433, 479
List the prime factors of 8246485.
5, 13, 293, 